rime factors of l.
11, 8783
Let v(i) = i**3 - 10*i**2 - i + 13. Let f be v(10). Suppose -5*a - 5*w + 1570 = 0, f*w = -5*a + 4*w + 1552. What are the prime factors of a?
311
Let g(f) = -9*f**3 - 66*f**2 - 15*f - 8. Let t be g(-9). Suppose -8*n = -t - 130. What are the prime factors of n?
2, 23
Let d(u) = 449*u - 3512. What are the prime factors of d(20)?
2, 1367
Suppose -3*r - 2*t = 100, 2*r + 38 = t - 38. What are the prime factors of (16/r)/2 - 328/(-18)?
2, 3
Let u be (8/6)/(8/(-456)). Let x = u - -433. List the prime factors of x.
3, 7, 17
Let l be -625 - (2 + 0/(4/(-1))). Let k = -1158 - l. Let j = -290 - k. List the prime factors of j.
241
Suppose 4*h = -4*d + 192, h - 75 = -2*d + 22. Suppose 3*y = 184 - d. What are the prime factors of y?
3, 5
Suppose -20597 = -13*r + 72821. List the prime factors of r.
2, 3593
List the prime factors of (205196/28 - 4) + 24/42 - 5.
2, 3, 5, 61
Suppose -o - 102 = 3*k, 5*o = 3*k + 4*o + 102. Let d = k - -29. What are the prime factors of (22/4)/(d/(-90))?
3, 11
Suppose 8*u + 38 = -11*u. List the prime factors of 838 + u/(-4) + (-209)/38.
7, 17
Let l be (-3 - -4)/1*-3. Let x be (1 + 21/(-5))/(l/(-60)). Let a = x - -142. What are the prime factors of a?
2, 3, 13
Let x(d) = 75*d**2 - 6*d + 1. Let r(u) = u**2 - 2*u + 3. Let i be r(0). What are the prime factors of x(i)?
2, 7, 47
Suppose -j + 18544 = d + 4708, j = 3*d - 41520. List the prime factors of d.
3, 7, 659
Let l(c) = 10571*c**2 + 155*c - 325. What are the prime factors of l(2)?
43, 983
Suppose 26 = -s + 19, 2*s = -2*g + 3004. What are the prime factors of g?
3, 503
Let x(k) = -353*k**2 + 9*k + 20. Let y(p) = 530*p**2 - 13*p - 28. Let q(i) = 7*x(i) + 5*y(i). What are the prime factors of q(-2)?
2, 3, 5
Suppose 65206 = 3*x + 2*w + 8476, 0 = -3*x + 4*w + 56784. What are the prime factors of x?
2, 4729
Suppose 5*p = 7*p + 9640. Let z be -1*p/4 - 0. Suppose -6*s - 455 + z = 0. What are the prime factors of s?
5
Suppose -4*n = -5*f, -11*f + 6*f - n = -25. Suppose 7*m - 2*m = 5*x - 1660, -f*x = -2*m - 1330. What are the prime factors of x?
3, 37
Suppose -72*o + 298*o - 189 = 263. Suppose 2*n + 2*n = -2*f + 22, -3*n = -4*f. Suppose 0 = n*b + b, o*h - 10 = -4*b. List the prime factors of h.
5
Suppose -3*h + 5*u = -27388, 2425*u = 3*h + 2421*u - 27389. List the prime factors of h.
23, 397
Let p be (16/(-12))/(2/(-3)) - 18. Let h be (-26)/(-8) + 4/p. Suppose -h*o = -89 - 64. What are the prime factors of o?
3, 17
Let m(w) = w**3 + 17*w**2 + 21*w + 10. Let u be m(-10). Let o = -85 + u. List the prime factors of o.
5, 83
Suppose 37032 = 141*t - 4515294. What are the prime factors of t?
2, 3, 5381
Let k(v) = 24*v**3 - 33*v**2 + 11*v + 7. List the prime factors of k(7).
3, 7, 11, 29
Let r(f) be the third derivative of f**5/60 + f**4/3 - 7*f**3/6 - 6*f**2. Let z be r(-9). What are the prime factors of ((-295)/2)/(-5)*z?
59
Let i(p) = -31*p - 14*p - 24 + 6 - 15 - 34. List the prime factors of i(-11).
2, 107
Let w(c) = c - 6. Let i be w(5). Let g be -9 + 0 - (0 + -3). What are the prime factors of (135/18)/(i/g)?
3, 5
Suppose -26978 = 58*z - 135032. List the prime factors of z.
3, 23
Let p = 22142 - 11847. List the prime factors of p.
5, 29, 71
Let f(g) = -200*g + 2754. What are the prime factors of f(-94)?
2, 13, 829
Let p = -3497 - -4393. What are the prime factors of p?
2, 7
Suppose -5*y + 8*y - 3*s = 585, -4*s = -16. Let n = -18 - -88. Let z = n + y. What are the prime factors of z?
269
Let i be (-54582)/12*(-10 - -8). Suppose 2291 = 26*u - i. List the prime factors of u.
2, 3, 73
Let k(b) = 15 - 104*b - 79*b - b**3 - 3*b**2 + 173*b. What are the prime factors of k(-12)?
3, 53
Let d = 71194 - 50465. List the prime factors of d.
19, 1091
Suppose -17*z + 36*z - 11*z - 36880 = 0. What are the prime factors of z?
2, 5, 461
Let k(g) = -361*g**3 + 5*g**2 + 149*g + 752. List the prime factors of k(-5).
167, 271
Suppose 168 = -35*s + 41*s. What are the prime factors of 162 - -7*(-4)/s?
7, 23
Let i(z) = 2*z**2 - 3*z + 69. Let o be i(0). Let u = -65 + o. List the prime factors of ((-6)/u)/((-17)/2244).
2, 3, 11
Let n = 3 - 4. Let i be ((-2 + -18)/n)/2. Suppose 14*u - 180 = i*u. What are the prime factors of u?
3, 5
Let z(c) = -c**3 - 8*c**2 + 21*c - 10. Let b be z(-8). Let f = 342 + -63. Let p = b + f. What are the prime factors of p?
101
Let w be 21 + -13 - (-2)/((-4)/10). Suppose -10*v + w*b = -5*v - 5649, -5*b + 5625 = 5*v. List the prime factors of v.
2, 3, 47
Let v = -23 + 23. Suppose -5*d + c - 97 = v, c + 64 - 1 = -3*d. What are the prime factors of ((-264)/d)/((-2)/(-35))?
3, 7, 11
Let n be 0/(-9 - -5)*(-2)/(-2). Suppose n = 25*r - 2026 - 1099. What are the prime factors of r?
5
Let x = -11 - 8. What are the prime factors of (-4843)/x + ((-220)/(-190))/11?
3, 5, 17
Let i(s) = 369*s**2 + 37*s + 221. What are the prime factors of i(-8)?
3, 7, 19, 59
Suppose 4*h - 5*h = -6. Let l(n) = 3*n + 24. Let q(a) = -6*a - 48. Let d(r) = 5*l(r) + 2*q(r). What are the prime factors of d(h)?
2, 3, 7
Let z(q) = q**3 + 16*q**2 - 18*q - 5. Let n be z(-17). Let y(t) = n - 6*t + t + t + t. What are the prime factors of y(-5)?
3
Suppose -22*k + 5117 = 519. Suppose -198*r - 2156 = -k*r. List the prime factors of r.
2, 7
Let d = 2001 + 2493. List the prime factors of d.
2, 3, 7, 107
Let m be (19/(-5) + 5)/(3/165). List the prime factors of (2858/3)/1 + 22/m.
953
Suppose 0*p + 4*p = -1648. Let x = p - -266. Let z = x - -269. What are the prime factors of z?
3, 41
Suppose 0 = 2*x + 6*x - 192. Let j be 32/3 - (-1)/(18/x). What are the prime factors of (j + 0)*160/10?
2, 3
Suppose -c - 12 = 2*c, 4*p + 4*c = 8464. Suppose 0*n - 2*a - p = -5*n, 4*n = 4*a + 1684. List the prime factors of n.
2, 3, 71
Let c be (-3246)/8*-2*468/27. What are the prime factors of c/42 - (-164)/1722?
5, 67
Let q be ((-415)/(-25))/((-2)/(-50)). Suppose 0 = -8*n + 6095 - q. What are the prime factors of n?
2, 5, 71
Suppose 2804 = -14*o - 8452. List the prime factors of 2/(-2)*-2 + o/(-1).
2, 13, 31
Let u(h) = h**3 + 7*h**2 - 7*h - 19. Suppose -43*k + 51*k = 48. List the prime factors of u(k).
11, 37
List the prime factors of (-3)/20 - 195835043/(-10420).
2, 9397
Let h(f) = 62*f + 68. Let n be h(-1). What are the prime factors of 4/n*(-17280)/(-16)?
2, 3, 5
Suppose 0 = 8*y - 6*y - 54. Let g(s) = 3*s - 17. Let b be g(13). Suppose 25*h - y = b*h. List the prime factors of h.
3
Let t = -80 - -1. Let n = t + 78. What are the prime factors of n/((-3)/231) + 3?
2, 5
Let s be (86 - 87)*(-80)/1. Suppose 0 = -s*p + 78*p + 3086. List the prime factors of p.
1543
Suppose 0 = -2*r - 0*r + 206. Let c be 2/((-4)/26 - 34/(-52)). Suppose -c*b - 85 = -z, 3*z - r = 2*z - 5*b. What are the prime factors of z?
3, 31
Let b = 65 - 32. Suppose -36*r = -b*r + 378. Let h = -113 - r. List the prime factors of h.
13
Suppose 5*t - 264 = 371. Let i = t - 37. What are the prime factors of (-392)/(-70)*i/4?
2, 3, 7
Suppose 248 = 8*i - 216. Suppose i = 3*f + 2*w - 583, 847 = 4*f - 5*w. What are the prime factors of f?
3, 71
Let z = 469 + -479. List the prime factors of (-40 + 5)*114/z.
3, 7, 19
Let y(i) = -5*i + 34. Let u be y(6). Suppose 0 = -5*o + g + 369 + 2184, -u*g = -8. What are the prime factors of o?
7, 73
Let l(u) = u**2 - 30. Let o(p) = 2*p**3 - 12*p**2 + p. Let b be o(6). Let g be l(b). List the prime factors of ((-36)/45)/((g/25)/(-3)).
2, 5
Let q = 29267 - 15582. What are the prime factors of q?
5, 7, 17, 23
Let f = -6854 + 13465. List the prime factors of f.
11, 601
Let h(f) = f**3 - 5*f**2 - 2*f - 14. Let y be h(6). Suppose -y*q - 5 = -11*q. List the prime factors of (-90)/(-3)*q/3.
2, 5
Suppose -3*k = -6*k + 9. Let w = -39 + 44. Suppose -3*q + 24 = -k*n, 0*q - 4*n = w*q - 67. What are the prime factors of q?
11
Let k(u) = u**3 + 7*u**2 + 8*u + 14. Let q be k(-6). Let y be -1*3*(q + 21/9). Let j = 19 + y. What are the prime factors of j?
2, 3
Suppose -37*p + 38*p = -390. Let y = -201 - p. What are the prime factors of y?
3, 7
Let y be (-1 - (-325 - -1)) + -4. Let z = y - 148. List the prime factors of z.
3, 19
Let a be -3 - -5 - -3 - 5. Suppose d = a, 5*t + d = t + 5580. List the prime factors of t.
3, 5, 31
Let r(l) = -l**3 + 17*l**2 - 6*l + 8. Suppose 0 = 5*z - a - 73, 6*z - 4*a = 11*z - 58. What are the prime factors of r(z)?
2
Sup